/6)/((-4)/(-6)). Suppose u + 4*a + 14 = 0, -2*u - z + 0 = 2*a. Suppose -u*r + n - 4*n - 7 = 0, 3*n = -15. What is the units digit of r?
4
Let b(s) = -s**2 + 6*s + 7. Let d be b(6). Suppose 0 = -4*n + 17 + d. What is the units digit of n?
6
Suppose z - 8 = 2*z. Let i = z + 11. What is the units digit of i?
3
Let b = -10 + 4. Let y = b - -15. What is the units digit of y?
9
Suppose -57 = -0*b - 3*b. What is the units digit of b?
9
Suppose 4*i = 4*w - 64, 0 = 2*w - 5*i - 50 + 12. What is the tens digit of w?
1
Let c(v) = -14*v - 3. What is the tens digit of c(-5)?
6
Let d = -23 + 29. What is the units digit of d?
6
Let y(c) = c**2 - 3*c + 3. Let l be y(3). Suppose i + 33 = 2*t, 3*t + 5*i - l - 14 = 0. What is the units digit of t?
4
Suppose 590 = 7*z - 474. What is the tens digit of z?
5
Let r(k) = 2*k**2 - 21*k - 4. What is the tens digit of r(18)?
6
Let u = -25 + 41. What is the units digit of u?
6
Suppose j - 3 = 4*j + 3*f, 3*f = -2*j - 5. Let w = 8 - -4. Suppose j*p - 4*p = -w. What is the units digit of p?
6
Suppose 0 = 3*k - 3 - 6. What is the units digit of (2 - -1) + -2 + k?
4
What is the units digit of (-228)/10*(-110)/33?
6
Let q = 20 - 11. Suppose s - 2*s + q = 0. What is the units digit of s?
9
Let r(c) = -3*c - 8. Suppose 6*x = 3*x + 57. Suppose 3*f - f = 3*s + x, -13 = 2*s - f. What is the tens digit of r(s)?
1
Let d(q) be the first derivative of -q**4/4 - 2*q**3 - 5*q**2/2 + 5*q - 1. Let t = 4 - 9. What is the units digit of d(t)?
5
Suppose 271 + 29 = 5*i + 5*p, 0 = -3*i - 2*p + 180. What is the units digit of i?
0
Let p(s) = 2*s**2 + 6*s. Let k be p(-4). Suppose 69 = x + 4*x - 2*q, 0 = -4*q - k. What is the units digit of x?
3
Suppose 0 = j - 176 - 59. What is the hundreds digit of j?
2
Let u(y) = -y**3 - 10*y**2 - 2*y - 14. Let r = -1 - 9. What is the units digit of u(r)?
6
Let h = 93 + -20. What is the units digit of h?
3
Suppose -4*v - 2 = 30. Let s(d) = 26*d. Let g(r) = 5*r. Let c(i) = -16*g(i) + 3*s(i). What is the units digit of c(v)?
6
Suppose -5*h + 3*g = 5*g - 166, 2*h - 74 = 3*g. What is the units digit of h?
4
Let c = 44 + -4. What is the tens digit of c?
4
Let a = -23 - -30. What is the units digit of a?
7
What is the units digit of 30/60*(661 + 1)?
1
Let x(s) = s**3 - 3*s**2 - 3*s + 2. Suppose -u = u - 8. What is the units digit of x(u)?
6
Suppose 27*x - 22*x = 165. What is the units digit of x?
3
Let j(p) = -p - 15. Let h = 2 + -13. Let l be j(h). Let r = 0 - l. What is the units digit of r?
4
Suppose 0 = 2*q - 1 - 7. Suppose 18 = q*m - 2*m. What is the units digit of m?
9
Suppose 8 = 2*v - 0. Suppose -v*q - 1 = -5. What is the units digit of q?
1
Suppose -3*j + 3 = m - 11, -5*m + 70 = j. What is the units digit of m/3*(-12)/(-8)?
7
Let p = -6 - -30. What is the units digit of p?
4
What is the units digit of 12/(-4)*-6*2?
6
Let x(n) be the second derivative of 5/12*n**4 - 7/2*n**2 + 0 + 3/2*n**3 - 1/20*n**5 - n. What is the units digit of x(6)?
1
Suppose -6 = d - 1. Let c be 3 + d - -3*14. What is the tens digit of c/(-12)*(-1 - 5)?
2
Let s = 3 + -1. Suppose 5*y = -s*k - 13, -2*k - 4*y - 10 = -0*y. What is the units digit of k?
1
Let q(j) = 3*j + 94 - 10*j - 109 + j**2. What is the tens digit of q(11)?
2
Let r be (0/(-3))/(0 + -3). Let u(x) be the second derivative of x**4/12 + 5*x**2 + x. What is the units digit of u(r)?
0
Suppose 0 = 3*t - 12 - 0, -c - 5*t + 122 = 0. What is the units digit of c?
2
Let c(p) = -p**3 - 6*p**2 - 7*p - 9. Let d be c(-6). Let g = 55 - d. What is the units digit of (-8)/(-44) - (-84)/g?
4
Let u = 2 - -19. What is the units digit of u?
1
Let p(w) = w**2 - w - 1. Let x(o) = o**2 - o - 2. Suppose 4*k + 1 + 7 = 0. Let z(n) = k*x(n) + 3*p(n). What is the units digit of z(1)?
1
Let k(y) = 7*y + 4. Suppose 10 = -2*x + 4*a, -4*x = -0*x + 4*a - 28. What is the units digit of k(x)?
5
Let b(d) = 2*d**2 + 2. What is the tens digit of b(-2)?
1
Let i = -124 - -272. What is the tens digit of i?
4
Suppose -2*h = 6*a - 9*a + 494, 4 = -h. What is the tens digit of a?
6
Suppose 0*l - 5*d = -3*l + 156, -5*l + d = -238. Suppose -5*j = -l + 7. What is the units digit of j?
8
Let s(b) = 1 + 1 - 1 - 4 - b. What is the units digit of s(-7)?
4
Suppose 3*s + 85 = -5*y + 297, 4*s - 3*y - 244 = 0. Let r = s - 10. What is the tens digit of r?
5
Suppose 4*h = -2*g - 3 - 1, -3*h - g = 2. Let i be (20/(-6))/(6/(-18)). Suppose -s + i = -h*s. What is the tens digit of s?
1
Let c be -5*(152/(-10))/(-2). Let a = 55 + c. What is the tens digit of a?
1
Let t(p) = -14*p**2 - 8*p - 5. Let r(v) = 5*v**2 + 3*v + 2. Let m(n) = -11*r(n) - 4*t(n). What is the units digit of m(3)?
4
Let b(p) = -2*p + 8. Let m be b(-6). Suppose -3*l + 15 = 0, 4*o + 2*l - m = -2. Suppose 6 = o*d + 2. What is the units digit of d?
2
Suppose 28 = 5*s - k, -2*k = 2*k - 8. Let x = s - 4. Suppose 10 - x = 4*c. What is the units digit of c?
2
Suppose 2*t + 67 = -2*f - 3*f, 5 = f + 5*t. Let v = -11 - f. Suppose 24 - v = a. What is the units digit of a?
0
Let v = -13 + 2. Let u = v + 21. What is the units digit of u?
0
Let l(v) = v**2 + 6*v + 2. Let o be l(-6). Let z(u) = -u - 2. Let g be z(-5). Suppose 0 = 5*h - g - o. What is the units digit of h?
1
Let q(t) = 6*t**2 + 2*t - 1. Let x be q(-2). Let g = 7 + x. What is the units digit of g?
6
Suppose 8*s = 9*s - 21. What is the tens digit of s?
2
Let i = -6 - -68. Suppose -u = 5*k - 161, -k = -3*k + 2*u + i. Suppose 3*v + 2*v = -5*l + 20, -5*l = 2*v - k. What is the units digit of l?
8
Suppose 4*l = -0*l - 12. Let q = l + 5. What is the units digit of (-1 - 2/q)*-4?
8
Let r(l) = -3*l**2 + l + 1. Let d be r(-1). Let y = d + 6. Suppose 19 = 2*c + y. What is the units digit of c?
8
Suppose 0 = 4*w + 5*j - 14 - 82, -37 = -3*w + 5*j. Let y = w + -11. Let n = y - 5. What is the units digit of n?
3
Suppose -2*a + 127 = -445. What is the hundreds digit of a?
2
Suppose 2*m + 21 = 3*n, 4*m = 7 + 5. What is the units digit of n?
9
Let n be (-7 - -7) + (5 - 0). Suppose 3*r - n*p + 5 = 0, 0 = -r - r - p + 14. What is the units digit of r?
5
What is the tens digit of ((-3007)/124)/(18/(-16) + 1)?
9
Suppose 44 = 2*m - i, -3*i = -m + 3*m - 44. Suppose 0 = -5*k + 38 + m. Suppose -2*f + k = f. What is the units digit of f?
4
Let o(v) = v**3 + v**2. Let y(l) = 3*l**3 + 5*l**2 - 6*l - 3. Let z(w) = -2*o(w) + y(w). What is the units digit of z(-4)?
5
Let b(v) = -1 + v - 2*v**3 + 0*v**3 - 4*v - v**3 - 4*v**2. What is the tens digit of b(-2)?
1
What is the tens digit of -2 + 90/5 + -1?
1
Suppose g + 4 = 7. Suppose g*m - 78 = -3*k, 2 = m - k - 4*k. What is the tens digit of m?
2
Let q be 20*1*(3 + -2). Let r = q + -13. What is the units digit of r?
7
Suppose 6*c - 10 = c. Suppose -c*k + 5 = -15. What is the tens digit of k?
1
Suppose -3 = 2*z - 3*z. Suppose 5*u - 22 = z*h, 4*u = 3*u + 5*h. Suppose m + f - 8 = 0, u*m - f - 25 = 27. What is the tens digit of m?
1
Let y(m) = -m**3 + 8*m**2 - 4*m - 13. What is the tens digit of y(6)?
3
Suppose -302 = -3*p - g + 113, 5*g + 585 = 4*p. What is the units digit of p?
0
Let i(q) = q**2 - 5*q + 6. Let z be i(4). Suppose 9 + 29 = z*j. What is the tens digit of j?
1
Let r(p) = 4*p**3 + 2*p - 1. Let j be r(1). Suppose 3*n - j*u = 18, -n + 4*n - 4*u - 15 = 0. What is the units digit of n?
1
Let f(s) = -14*s - 1. Let g(v) = v - 7. Let l be g(6). What is the tens digit of f(l)?
1
Suppose 6*z - 46 - 26 = 0. What is the tens digit of z?
1
Suppose 4*a + 28 = -2*z, 5*z + 5 = 4*a - 9. Suppose -x - 2 + 12 = 0. Let d = z + x. What is the units digit of d?
4
Let y(l) = l**3 + 2*l**2. Let u be y(-2). Suppose u*x = -3*x + 12. What is the units digit of x?
4
Suppose 5*d - 349 = 221. What is the hundreds digit of d?
1
What is the units digit of 12*(4 - (-4 + 0))?
6
Suppose -i + 8 = i. Suppose 2*j + 0*j - i*h = 34, 5*h + 60 = 5*j. What is the units digit of j?
7
Suppose -2*c + 3*a = -96 + 10, 0 = -4*c + 2*a + 172. What is the units digit of c?
3
Let x(w) = w + 31. Let a be x(0). Let q = a + -22. What is the units digit of q?
9
What is the units digit of 19/(-19)*(-50)/2?
5
Let g = 240 + -132. Let c be ((-14)/(-6))/(2/g). Suppose -3*m + 3*u = -69, -2*u + 44 = -4*m + c. What is the units digit of m?
8
Let r(o) = 11*o**2 - o + 6. What is the hundreds digit of r(-3)?
1
Let h(u) = -u**3 - u**2 + u + 1. Let j be h(